{"id":1336,"date":"2023-11-03T12:32:53","date_gmt":"2023-11-03T12:32:53","guid":{"rendered":"http:\/\/2efoodtrade.com\/?page_id=1336"},"modified":"2025-05-26T08:08:11","modified_gmt":"2025-05-26T08:08:11","slug":"hakkimizda","status":"publish","type":"page","link":"http:\/\/2efoodtrade.com\/?page_id=1336","title":{"rendered":"Hakk\u0131m\u0131zda"},"content":{"rendered":"\t\t<div data-elementor-type=\"wp-page\" data-elementor-id=\"1336\" class=\"elementor elementor-1336\">\n\t\t\t\t<div class=\"elementor-element elementor-element-fd29f2c e-flex e-con-boxed e-con e-parent\" data-id=\"fd29f2c\" data-element_type=\"container\">\n\t\t\t\t\t<div class=\"e-con-inner\">\n\t\t<div class=\"elementor-element elementor-element-a2b79d9 e-con-full e-flex e-con e-child\" data-id=\"a2b79d9\" data-element_type=\"container\">\n\t\t\t\t<div class=\"elementor-element elementor-element-0af0e4b elementor-widget elementor-widget-image\" data-id=\"0af0e4b\" data-element_type=\"widget\" data-widget_type=\"image.default\">\n\t\t\t\t<div class=\"elementor-widget-container\">\n\t\t\t\t\t\t\t\t\t\t\t\t\t<img  title=\"\" fetchpriority=\"high\" decoding=\"async\" width=\"696\" height=\"464\" src=\"http:\/\/2efoodtrade.com\/wp-content\/uploads\/2024\/11\/gorsel_3-1024x683.jpg\" class=\"attachment-large size-large wp-image-1721\"  alt=\"gorsel_3-1024x683 Hakk\u0131m\u0131zda\"  srcset=\"http:\/\/2efoodtrade.com\/wp-content\/uploads\/2024\/11\/gorsel_3-1024x683.jpg 1024w, http:\/\/2efoodtrade.com\/wp-content\/uploads\/2024\/11\/gorsel_3-300x200.jpg 300w, http:\/\/2efoodtrade.com\/wp-content\/uploads\/2024\/11\/gorsel_3-768x512.jpg 768w, http:\/\/2efoodtrade.com\/wp-content\/uploads\/2024\/11\/gorsel_3-1536x1024.jpg 1536w, http:\/\/2efoodtrade.com\/wp-content\/uploads\/2024\/11\/gorsel_3-2048x1365.jpg 2048w\" sizes=\"(max-width: 696px) 100vw, 696px\" \/>\t\t\t\t\t\t\t\t\t\t\t\t\t<\/div>\n\t\t\t\t<\/div>\n\t\t\t\t<\/div>\n\t\t<div class=\"elementor-element elementor-element-72b3d25 e-con-full e-flex e-con e-child\" data-id=\"72b3d25\" data-element_type=\"container\">\n\t\t<div class=\"elementor-element elementor-element-7a747d5 e-con-full e-flex e-con e-child\" data-id=\"7a747d5\" data-element_type=\"container\">\n\t\t\t\t<div class=\"elementor-element elementor-element-0e589e5 elementor-widget elementor-widget-heading\" data-id=\"0e589e5\" data-element_type=\"widget\" data-widget_type=\"heading.default\">\n\t\t\t\t<div class=\"elementor-widget-container\">\n\t\t\t<h2 class=\"elementor-heading-title elementor-size-default\">Hakk\u0131m\u0131zda<\/h2>\t\t<\/div>\n\t\t\t\t<\/div>\n\t\t\t\t<\/div>\n\t\t<div class=\"elementor-element elementor-element-2ce6f04 e-con-full e-flex e-con e-child\" data-id=\"2ce6f04\" data-element_type=\"container\">\n\t\t\t\t<div class=\"elementor-element elementor-element-345f2ad elementor-widget elementor-widget-text-editor\" data-id=\"345f2ad\" data-element_type=\"widget\" data-widget_type=\"text-editor.default\">\n\t\t\t\t<div class=\"elementor-widget-container\">\n\t\t\t\t\t\t\t<p data-start=\"123\" data-end=\"404\"><strong data-start=\"123\" data-end=\"139\">2E Food Tech<\/strong>, g\u0131da sekt\u00f6r\u00fcnde uluslararas\u0131 ticaret ve teknoloji odakl\u0131 \u00e7\u00f6z\u00fcmleri bir araya getiren yenilik\u00e7i bir \u015firkettir. G\u0131da <strong data-start=\"256\" data-end=\"280\">ithalat\u0131 ve ihracat\u0131<\/strong> alan\u0131ndaki g\u00fc\u00e7l\u00fc altyap\u0131m\u0131z ve uzman kadromuzla, hem yerel hem k\u00fcresel pazarda g\u00fcvenilir bir i\u015f orta\u011f\u0131 olmay\u0131 hedefliyoruz.<\/p><p data-start=\"406\" data-end=\"751\">Y\u00fcksek kalite standartlar\u0131na sahip \u00fcr\u00fcn portf\u00f6y\u00fcm\u00fcz; bakliyat, kuruyemi\u015f, dondurulmu\u015f g\u0131dalar, organik \u00fcr\u00fcnler ve i\u015flenmi\u015f g\u0131dalardan olu\u015fmakta olup, d\u00fcnya \u00e7ap\u0131ndaki i\u015f ortaklar\u0131m\u0131zla titizlikle se\u00e7ilmektedir. T\u00fcrkiye\u2019den d\u00fcnyaya ve d\u00fcnyadan T\u00fcrkiye\u2019ye uzanan ticaret a\u011f\u0131m\u0131z sayesinde, her zaman taze, g\u00fcvenilir ve izlenebilir \u00fcr\u00fcnler sunuyoruz.<\/p><p data-start=\"753\" data-end=\"1015\">Teknolojiyi i\u015fimizin merkezine alarak, g\u0131da lojisti\u011finde dijital \u00e7\u00f6z\u00fcmler geli\u015ftiriyor; tedarik zincirini daha verimli ve \u015feffaf hale getiriyoruz. <strong data-start=\"900\" data-end=\"916\">2E Food Tech<\/strong>, sadece bir g\u0131da ticaret firmas\u0131 de\u011fil; ayn\u0131 zamanda sekt\u00f6re de\u011fer katan bir inovasyon markas\u0131d\u0131r.<\/p><p data-start=\"1017\" data-end=\"1193\">M\u00fc\u015fteri memnuniyetini, s\u00fcrd\u00fcr\u00fclebilirli\u011fi ve etik ticaret anlay\u0131\u015f\u0131n\u0131 ilke edinmi\u015f olan firmam\u0131z, d\u00fcnya genelinde g\u00fcvene dayal\u0131 uzun vadeli i\u015f birlikleri kurmay\u0131 ama\u00e7lamaktad\u0131r.<\/p><p data-start=\"1195\" data-end=\"1248\"><strong data-start=\"1195\" data-end=\"1248\">2E Food Tech \u2013 Global Lezzet, Teknolojik G\u00fcvence.<\/strong><\/p>\t\t\t\t\t\t<\/div>\n\t\t\t\t<\/div>\n\t\t\t\t<\/div>\n\t\t\t\t<\/div>\n\t\t\t\t\t<\/div>\n\t\t\t\t<\/div>\n\t\t\t\t<\/div>\n\t\t","protected":false},"excerpt":{"rendered":"<p>Hakk\u0131m\u0131zda 2E Food Tech, g\u0131da sekt\u00f6r\u00fcnde uluslararas\u0131 ticaret ve teknoloji odakl\u0131 \u00e7\u00f6z\u00fcmleri bir araya getiren yenilik\u00e7i bir \u015firkettir. G\u0131da ithalat\u0131 ve ihracat\u0131 alan\u0131ndaki g\u00fc\u00e7l\u00fc altyap\u0131m\u0131z ve uzman kadromuzla, hem yerel hem k\u00fcresel pazarda g\u00fcvenilir bir i\u015f orta\u011f\u0131 olmay\u0131 hedefliyoruz. Y\u00fcksek kalite standartlar\u0131na sahip \u00fcr\u00fcn portf\u00f6y\u00fcm\u00fcz; bakliyat, kuruyemi\u015f, dondurulmu\u015f g\u0131dalar, organik \u00fcr\u00fcnler ve i\u015flenmi\u015f g\u0131dalardan olu\u015fmakta [&hellip;]<\/p>\n","protected":false},"author":1,"featured_media":0,"parent":0,"menu_order":0,"comment_status":"closed","ping_status":"closed","template":"elementor_header_footer","meta":{"footnotes":""},"class_list":["post-1336","page","type-page","status-publish","hentry"],"yoast_head":"<!-- This site is optimized with the Yoast SEO plugin v23.9 - https:\/\/yoast.com\/wordpress\/plugins\/seo\/ -->\n<title>Hakk\u0131m\u0131zda - 2E Food Tech<\/title>\n<meta name=\"robots\" content=\"index, follow, max-snippet:-1, max-image-preview:large, max-video-preview:-1\" \/>\n<link rel=\"canonical\" href=\"http:\/\/2efoodtrade.com\/?page_id=1336\" \/>\n<meta property=\"og:locale\" content=\"tr_TR\" \/>\n<meta property=\"og:type\" content=\"article\" \/>\n<meta property=\"og:title\" content=\"Hakk\u0131m\u0131zda - 2E Food Tech\" \/>\n<meta property=\"og:description\" content=\"Hakk\u0131m\u0131zda 2E Food Tech, g\u0131da sekt\u00f6r\u00fcnde uluslararas\u0131 ticaret ve teknoloji odakl\u0131 \u00e7\u00f6z\u00fcmleri bir araya getiren yenilik\u00e7i bir \u015firkettir. G\u0131da ithalat\u0131 ve ihracat\u0131 alan\u0131ndaki g\u00fc\u00e7l\u00fc altyap\u0131m\u0131z ve uzman kadromuzla, hem yerel hem k\u00fcresel pazarda g\u00fcvenilir bir i\u015f orta\u011f\u0131 olmay\u0131 hedefliyoruz. Y\u00fcksek kalite standartlar\u0131na sahip \u00fcr\u00fcn portf\u00f6y\u00fcm\u00fcz; bakliyat, kuruyemi\u015f, dondurulmu\u015f g\u0131dalar, organik \u00fcr\u00fcnler ve i\u015flenmi\u015f g\u0131dalardan olu\u015fmakta [&hellip;]\" \/>\n<meta property=\"og:url\" content=\"http:\/\/2efoodtrade.com\/?page_id=1336\" \/>\n<meta property=\"og:site_name\" content=\"2E Food Tech\" \/>\n<meta property=\"article:modified_time\" content=\"2025-05-26T08:08:11+00:00\" \/>\n<meta property=\"og:image\" content=\"http:\/\/2efoodtrade.com\/wp-content\/uploads\/2024\/11\/gorsel_3-scaled.jpg\" \/>\n\t<meta property=\"og:image:width\" content=\"2560\" \/>\n\t<meta property=\"og:image:height\" content=\"1706\" \/>\n\t<meta property=\"og:image:type\" content=\"image\/jpeg\" \/>\n<meta name=\"twitter:card\" content=\"summary_large_image\" \/>\n<meta name=\"twitter:label1\" content=\"Tahmini okuma s\u00fcresi\" \/>\n\t<meta name=\"twitter:data1\" content=\"2 dakika\" \/>\n<script type=\"application\/ld+json\" class=\"yoast-schema-graph\">{\"@context\":\"https:\/\/schema.org\",\"@graph\":[{\"@type\":\"WebPage\",\"@id\":\"http:\/\/2efoodtrade.com\/?page_id=1336\",\"url\":\"http:\/\/2efoodtrade.com\/?page_id=1336\",\"name\":\"Hakk\u0131m\u0131zda - 2E Food Tech\",\"isPartOf\":{\"@id\":\"http:\/\/2efoodtrade.com\/#website\"},\"primaryImageOfPage\":{\"@id\":\"http:\/\/2efoodtrade.com\/?page_id=1336#primaryimage\"},\"image\":{\"@id\":\"http:\/\/2efoodtrade.com\/?page_id=1336#primaryimage\"},\"thumbnailUrl\":\"http:\/\/2efoodtrade.com\/wp-content\/uploads\/2024\/11\/gorsel_3-1024x683.jpg\",\"datePublished\":\"2023-11-03T12:32:53+00:00\",\"dateModified\":\"2025-05-26T08:08:11+00:00\",\"breadcrumb\":{\"@id\":\"http:\/\/2efoodtrade.com\/?page_id=1336#breadcrumb\"},\"inLanguage\":\"tr\",\"potentialAction\":[{\"@type\":\"ReadAction\",\"target\":[\"http:\/\/2efoodtrade.com\/?page_id=1336\"]}]},{\"@type\":\"ImageObject\",\"inLanguage\":\"tr\",\"@id\":\"http:\/\/2efoodtrade.com\/?page_id=1336#primaryimage\",\"url\":\"http:\/\/2efoodtrade.com\/wp-content\/uploads\/2024\/11\/gorsel_3-scaled.jpg\",\"contentUrl\":\"http:\/\/2efoodtrade.com\/wp-content\/uploads\/2024\/11\/gorsel_3-scaled.jpg\",\"width\":2560,\"height\":1706,\"caption\":\"Technology background with hand holding digital world\"},{\"@type\":\"BreadcrumbList\",\"@id\":\"http:\/\/2efoodtrade.com\/?page_id=1336#breadcrumb\",\"itemListElement\":[{\"@type\":\"ListItem\",\"position\":1,\"name\":\"Home\",\"item\":\"http:\/\/2efoodtrade.com\/\"},{\"@type\":\"ListItem\",\"position\":2,\"name\":\"Hakk\u0131m\u0131zda\"}]},{\"@type\":\"WebSite\",\"@id\":\"http:\/\/2efoodtrade.com\/#website\",\"url\":\"http:\/\/2efoodtrade.com\/\",\"name\":\"2E Food Tech\",\"description\":\"| Gaziantep\",\"publisher\":{\"@id\":\"http:\/\/2efoodtrade.com\/#organization\"},\"potentialAction\":[{\"@type\":\"SearchAction\",\"target\":{\"@type\":\"EntryPoint\",\"urlTemplate\":\"http:\/\/2efoodtrade.com\/?s={search_term_string}\"},\"query-input\":{\"@type\":\"PropertyValueSpecification\",\"valueRequired\":true,\"valueName\":\"search_term_string\"}}],\"inLanguage\":\"tr\"},{\"@type\":\"Organization\",\"@id\":\"http:\/\/2efoodtrade.com\/#organization\",\"name\":\"2E Food Tech\",\"url\":\"http:\/\/2efoodtrade.com\/\",\"logo\":{\"@type\":\"ImageObject\",\"inLanguage\":\"tr\",\"@id\":\"http:\/\/2efoodtrade.com\/#\/schema\/logo\/image\/\",\"url\":\"http:\/\/2efoodtrade.com\/wp-content\/uploads\/2023\/11\/cropped-logo.png\",\"contentUrl\":\"http:\/\/2efoodtrade.com\/wp-content\/uploads\/2023\/11\/cropped-logo.png\",\"width\":252,\"height\":45,\"caption\":\"2E Food Tech\"},\"image\":{\"@id\":\"http:\/\/2efoodtrade.com\/#\/schema\/logo\/image\/\"}}]}<\/script>\n<!-- \/ Yoast SEO plugin. -->","yoast_head_json":{"title":"Hakk\u0131m\u0131zda - 2E Food Tech","robots":{"index":"index","follow":"follow","max-snippet":"max-snippet:-1","max-image-preview":"max-image-preview:large","max-video-preview":"max-video-preview:-1"},"canonical":"http:\/\/2efoodtrade.com\/?page_id=1336","og_locale":"tr_TR","og_type":"article","og_title":"Hakk\u0131m\u0131zda - 2E Food Tech","og_description":"Hakk\u0131m\u0131zda 2E Food Tech, g\u0131da sekt\u00f6r\u00fcnde uluslararas\u0131 ticaret ve teknoloji odakl\u0131 \u00e7\u00f6z\u00fcmleri bir araya getiren yenilik\u00e7i bir \u015firkettir. G\u0131da ithalat\u0131 ve ihracat\u0131 alan\u0131ndaki g\u00fc\u00e7l\u00fc altyap\u0131m\u0131z ve uzman kadromuzla, hem yerel hem k\u00fcresel pazarda g\u00fcvenilir bir i\u015f orta\u011f\u0131 olmay\u0131 hedefliyoruz. Y\u00fcksek kalite standartlar\u0131na sahip \u00fcr\u00fcn portf\u00f6y\u00fcm\u00fcz; bakliyat, kuruyemi\u015f, dondurulmu\u015f g\u0131dalar, organik \u00fcr\u00fcnler ve i\u015flenmi\u015f g\u0131dalardan olu\u015fmakta [&hellip;]","og_url":"http:\/\/2efoodtrade.com\/?page_id=1336","og_site_name":"2E Food Tech","article_modified_time":"2025-05-26T08:08:11+00:00","og_image":[{"width":2560,"height":1706,"url":"http:\/\/2efoodtrade.com\/wp-content\/uploads\/2024\/11\/gorsel_3-scaled.jpg","type":"image\/jpeg"}],"twitter_card":"summary_large_image","twitter_misc":{"Tahmini okuma s\u00fcresi":"2 dakika"},"schema":{"@context":"https:\/\/schema.org","@graph":[{"@type":"WebPage","@id":"http:\/\/2efoodtrade.com\/?page_id=1336","url":"http:\/\/2efoodtrade.com\/?page_id=1336","name":"Hakk\u0131m\u0131zda - 2E Food Tech","isPartOf":{"@id":"http:\/\/2efoodtrade.com\/#website"},"primaryImageOfPage":{"@id":"http:\/\/2efoodtrade.com\/?page_id=1336#primaryimage"},"image":{"@id":"http:\/\/2efoodtrade.com\/?page_id=1336#primaryimage"},"thumbnailUrl":"http:\/\/2efoodtrade.com\/wp-content\/uploads\/2024\/11\/gorsel_3-1024x683.jpg","datePublished":"2023-11-03T12:32:53+00:00","dateModified":"2025-05-26T08:08:11+00:00","breadcrumb":{"@id":"http:\/\/2efoodtrade.com\/?page_id=1336#breadcrumb"},"inLanguage":"tr","potentialAction":[{"@type":"ReadAction","target":["http:\/\/2efoodtrade.com\/?page_id=1336"]}]},{"@type":"ImageObject","inLanguage":"tr","@id":"http:\/\/2efoodtrade.com\/?page_id=1336#primaryimage","url":"http:\/\/2efoodtrade.com\/wp-content\/uploads\/2024\/11\/gorsel_3-scaled.jpg","contentUrl":"http:\/\/2efoodtrade.com\/wp-content\/uploads\/2024\/11\/gorsel_3-scaled.jpg","width":2560,"height":1706,"caption":"Technology background with hand holding digital world"},{"@type":"BreadcrumbList","@id":"http:\/\/2efoodtrade.com\/?page_id=1336#breadcrumb","itemListElement":[{"@type":"ListItem","position":1,"name":"Home","item":"http:\/\/2efoodtrade.com\/"},{"@type":"ListItem","position":2,"name":"Hakk\u0131m\u0131zda"}]},{"@type":"WebSite","@id":"http:\/\/2efoodtrade.com\/#website","url":"http:\/\/2efoodtrade.com\/","name":"2E Food Tech","description":"| Gaziantep","publisher":{"@id":"http:\/\/2efoodtrade.com\/#organization"},"potentialAction":[{"@type":"SearchAction","target":{"@type":"EntryPoint","urlTemplate":"http:\/\/2efoodtrade.com\/?s={search_term_string}"},"query-input":{"@type":"PropertyValueSpecification","valueRequired":true,"valueName":"search_term_string"}}],"inLanguage":"tr"},{"@type":"Organization","@id":"http:\/\/2efoodtrade.com\/#organization","name":"2E Food Tech","url":"http:\/\/2efoodtrade.com\/","logo":{"@type":"ImageObject","inLanguage":"tr","@id":"http:\/\/2efoodtrade.com\/#\/schema\/logo\/image\/","url":"http:\/\/2efoodtrade.com\/wp-content\/uploads\/2023\/11\/cropped-logo.png","contentUrl":"http:\/\/2efoodtrade.com\/wp-content\/uploads\/2023\/11\/cropped-logo.png","width":252,"height":45,"caption":"2E Food Tech"},"image":{"@id":"http:\/\/2efoodtrade.com\/#\/schema\/logo\/image\/"}}]}},"_links":{"self":[{"href":"http:\/\/2efoodtrade.com\/index.php?rest_route=\/wp\/v2\/pages\/1336","targetHints":{"allow":["GET"]}}],"collection":[{"href":"http:\/\/2efoodtrade.com\/index.php?rest_route=\/wp\/v2\/pages"}],"about":[{"href":"http:\/\/2efoodtrade.com\/index.php?rest_route=\/wp\/v2\/types\/page"}],"author":[{"embeddable":true,"href":"http:\/\/2efoodtrade.com\/index.php?rest_route=\/wp\/v2\/users\/1"}],"replies":[{"embeddable":true,"href":"http:\/\/2efoodtrade.com\/index.php?rest_route=%2Fwp%2Fv2%2Fcomments&post=1336"}],"version-history":[{"count":29,"href":"http:\/\/2efoodtrade.com\/index.php?rest_route=\/wp\/v2\/pages\/1336\/revisions"}],"predecessor-version":[{"id":1848,"href":"http:\/\/2efoodtrade.com\/index.php?rest_route=\/wp\/v2\/pages\/1336\/revisions\/1848"}],"wp:attachment":[{"href":"http:\/\/2efoodtrade.com\/index.php?rest_route=%2Fwp%2Fv2%2Fmedia&parent=1336"}],"curies":[{"name":"wp","href":"https:\/\/api.w.org\/{rel}","templated":true}]}}